uppose -y - 4 = y, 45 = t - 4*y. Let m(c) = -c**2 + t*c**3 - 3*c + 5*c + 6 - 9. Is m(2) a composite number?
False
Let u = -6598 + 19475. Is u prime?
False
Let w = -467 + 1224. Is w prime?
True
Is 2*(24591/56)/((-6)/(-8)) composite?
False
Suppose -12*g + 23531 + 76921 = 0. Is g a prime number?
False
Let v(g) = -g**2 + 12*g - 23. Let i be v(9). Suppose o + i*t - 4425 = 0, -2*o = -o - t - 4420. Is o composite?
False
Let x(i) = 13*i + 56*i + 35*i + 21. Is x(14) a prime number?
False
Let h = 7410 + -5191. Is h composite?
True
Let x be -8 - -8 - (-30 + 1). Suppose -2*k = -b + 3*k + x, 4*b - k = 192. Suppose -5*q = o - 41, b - 280 = -5*o + q. Is o composite?
True
Suppose -3*u = -5*i + 31301, -4*u = 6 + 2. Is i a composite number?
True
Let f be (-5)/(4/(-14) - 10/14). Suppose 289 = s - t - 202, -2431 = -f*s - t. Is s a prime number?
True
Suppose -s + 601 + 364 = 0. Suppose -5*g - 2*b + s = -43, 4*g - 2*b = 810. Is g composite?
True
Let l be (-11 - -3)/(0 - -1). Let g be 4/6*1212/l. Let w = g + 178. Is w a composite number?
True
Suppose 6*f - 13083 = f - j, 0 = -4*f + 2*j + 10472. Is f a composite number?
False
Let d(h) = h**2 + 2 - 3*h**2 + h - 7*h**2 - 4*h. Let s be d(7). Let p = s - -671. Is p prime?
True
Let x be (-2 - 3) + 4 + 1. Suppose -533 = 2*v + 5*n, x*v = -5*v - 5*n - 1355. Let w = -125 - v. Is w a prime number?
True
Let u(g) = -636*g - 1. Is u(-1) a composite number?
True
Let j(b) = -9 + 11*b**3 + b**2 - 8*b - 35*b**3 + 2*b + 0*b. Is j(-4) prime?
True
Let q be 2*(-3 + 26/4). Suppose q*w = 9*w. Suppose -5*f + 4*u = -u - 55, 4*f - u - 50 = w. Is f composite?
False
Let r = -22 - -28. Suppose 4*l - r = 6. Suppose 2*a + 6 = -0*a + 3*m, -l*m + 12 = 0. Is a a prime number?
True
Suppose 5*m = -8*w + 3*w + 45, 0 = -3*m - w + 19. Suppose s - 16490 = -4*s - m*v, -s - 2*v + 3302 = 0. Suppose 5*a - s + 589 = 0. Is a a prime number?
True
Suppose 0 = 13*q - 25841 - 19802. Is q a prime number?
True
Let b = -13 - -18. Let l = b + -5. Suppose -2*n - 92 = -3*n + 5*o, l = -3*n - 3*o + 240. Is n a prime number?
False
Suppose 1 = -z, 4*z = 3*i + i - 1268. Suppose 9 = 3*y + 15. Is y/(940/i - 3) a composite number?
False
Suppose -3*l - 561 = -2*j + 3*j, 2*l - j + 369 = 0. Let y = 172 - 169. Is (l/(-4))/y*2 composite?
False
Suppose 0 = -61*d + 1451500 + 813247. Is d a prime number?
False
Let y(w) = 84*w - 111. Is y(6) prime?
False
Let v = -48 + 62. Suppose 11*s = v*s - 669. Is s a composite number?
False
Let u(g) = -g - 5. Let n be u(-7). Suppose r = -0*r + 5, n*r = 2*x + 4. Is (-3728)/(-24) - 1/x a prime number?
False
Suppose -225 = -31*b + 26*b. Is (-30)/b*1581/(-2) a composite number?
True
Suppose 554 = -u + 4*u - 2*p, 5*p = 3*u - 566. Suppose 0*k - 2*k + u = 0. Is k composite?
True
Let s be -1124*(3 + -3 - (-1 + 0)). Let z = 3807 + s. Is z composite?
False
Let y(j) = j**3 - 2*j - 1. Let a be y(2). Suppose c = -4*s + 84, -a*c = 5*s - c - 105. Is s a prime number?
False
Suppose -17475 - 13395 = -5*u + 5*o, -3*o - 30878 = -5*u. Is u a composite number?
True
Suppose -3*q = -2*l - 0*l + 142130, -2*l - 5*q + 142098 = 0. Is l a prime number?
True
Let s(g) = -g**2 + 7*g. Let v be s(6). Suppose v + 12 = 3*x. Suppose x*t + 413 = 2459. Is t a composite number?
True
Is (-1 + 2)*-2 + 5 + 32566 composite?
False
Suppose 0 = -3*v + 5*s + 145452 - 33061, 2*s = 2*v - 74922. Is v a composite number?
True
Suppose -31 + 1 = h. Let g be 146/h - 16/120. Let k(b) = -b**3 + 11*b + 1. Is k(g) a composite number?
False
Let y be (-6 - -2)*2/4. Let p be (-3)/(y/2 - 0). Suppose 356 = p*m + m. Is m a prime number?
True
Let m = 11 - 8. Suppose -m*n = -15*n + 1272. Is n a prime number?
False
Let a be 0*(2 - 1) + 2. Suppose -2*w - 12 = -4*t + t, a*w = -t + 4. Suppose -188 = -4*u - w*u. Is u composite?
False
Suppose -3*m - 81 = 24. Let w be (m + -12)*-19*1. Suppose -w = -4*z - 265. Is z prime?
True
Let c = 58 + -63. Is 1479 + 0 - (c - -3) a prime number?
True
Is 1*3*((-242656)/(-48) + 7) composite?
False
Suppose 3078 + 1662 = -2*i. Let x = 4087 + i. Is x composite?
True
Suppose 2*s + b - 4 - 1 = 0, -4*b = 12. Suppose 2*z + 44 = -2*t, -s*z + 5*z + 26 = -3*t. Let i = 29 - z. Is i a composite number?
True
Let c(v) = -7*v**3 - 10*v**2 - 13*v - 47. Is c(-13) a prime number?
False
Let y = -5999 + 12028. Is y prime?
True
Let v(c) = -3809*c + 86. Is v(-7) a prime number?
False
Suppose 8*v - 6*v + 1 = 5*r, -5*r + 49 = 2*v. Is (104/v - 1)*51 prime?
False
Suppose -5*o = 4*v - 8555 - 238, -4*o = -4*v - 7020. Is o prime?
False
Let m = 162 - 108. Suppose -53*s - 1403 = -m*s. Is s a prime number?
False
Suppose 14*f = 9*f + 5. Is 0 - 1 - f - -1467 a prime number?
False
Suppose -21*w = -32343 - 26142. Is w composite?
True
Let s = 20 - 15. Suppose s*h - 4506 = -h. Is h a composite number?
False
Let d(b) = 5*b**2 + 12*b - 41. Is d(6) a composite number?
False
Let l(u) = 56*u**2 + 4*u - 5. Is l(-3) a composite number?
False
Suppose 247 = -11*y - 776. Let a = y + 332. Is a a prime number?
True
Let n(g) = 4*g**3 + 3*g**2 - g - 1. Let z be n(2). Let o = 32 - z. Let r = o + 143. Is r a composite number?
True
Suppose -3*k - 4*h = -67879, -3*h + 45251 = -30*k + 32*k. Is k a composite number?
True
Suppose -4*r + k + 28 = 0, r = -2*k + 6*k + 7. Let m(f) = -2*f**3 + 7*f**2 + f + 2. Let g be m(r). Let d = g - -783. Is d a composite number?
False
Suppose -k = 5*j + 3*k - 45, 4*k - 20 = 0. Let a(z) = 25*z - 7. Let t(p) = -13*p + 3. Let x(b) = -2*a(b) - 5*t(b). Is x(j) prime?
False
Suppose -3*y - 7853 = -3*f + y, f + 5*y - 2643 = 0. Is f a prime number?
False
Suppose 0 = 18*j - 88734 - 214440. Is j a composite number?
False
Let o(p) = 2*p**3 - 11*p**2 - 27*p + 53. Is o(19) a prime number?
False
Let d be 0/(-2)*(-3)/(-3). Suppose -5*s + o - 1084 = 0, -4*s - o - 151 - 709 = d. Let f = 193 - s. Is f a prime number?
True
Suppose 0 = -y + 5 - 1. Suppose -y*v + w = -1040, v - 267 = w + w. Is v a prime number?
False
Let a = 10 - 18. Let j = -8 - a. Suppose -4*d + j*d + 124 = 0. Is d a composite number?
False
Suppose -2*m + 5*g + 5 + 5 = 0, -10 = 4*m + 5*g. Suppose 7*n - 9*n + 1994 = m. Is n prime?
True
Let o(g) = -g**3 - 14*g**2 - 16*g - 17. Let x be o(-13). Suppose x*f - 17*f = 17840. Let y = f + -2397. Is y a composite number?
False
Suppose -20 = -5*x, -5*x + 18 = -u + 4. Is -211*2*(-3)/u prime?
True
Let g(m) be the second derivative of 19/12*m**4 - 8*m - 12*m**2 + 1/20*m**5 + 4*m**3 + 0. Is g(-17) a composite number?
True
Let x = -15 + 15. Suppose x = -3*s + 7*s - 12. Suppose s*q - 11 = 10. Is q composite?
False
Suppose -4*i = 5*o - 4177, -4*i + 3*o = o - 4170. Is i a composite number?
True
Is 45 + -48 - 5/(5/(-28352)) composite?
False
Let m(w) = 47*w**3 - 8*w**2 + w + 1. Let z(j) = -47*j**3 + 9*j**2 - 2*j - 1. Let v(h) = -6*m(h) - 5*z(h). Is v(-3) composite?
False
Let r(c) = c**2 - 15*c + 5. Let k be r(15). Suppose k*h + 3*z - 211 = h, 0 = -2*h + 4*z + 78. Is h a prime number?
False
Suppose -2*m + 74 = 4*j, j = -2*m - 0*m + 80. Let u be (4/(-6))/(2/(-336)). Let q = u - m. Is q prime?
True
Suppose 27 + 13 = 2*w. Suppose -2*c = -0 + w. Let v(q) = -q**3 - 10*q**2 - 6*q - 5. Is v(c) composite?
True
Let u be 2362/(-3)*(1 - -2). Let r = 4139 + u. Is r a composite number?
False
Is ((-3)/(-1))/12*1*15868 a prime number?
True
Let t = -138 - -4759. Is t prime?
True
Let q = -1792 - -3191. Is q composite?
False
Suppose 0 = 3*z + 5*g - 915, -558 = -2*z + 4*g + 74. Let l = z - 9. Is l a composite number?
True
Is -2 + 8 - (-9578 - 3) a prime number?
True
Let h(y) = 878*y**3 - y**2 + 2*y - 2. Is h(1) a prime number?
True
Let j be 6/10*5/(-1). Let p be 521 - 3/(j/(-3)). Suppose -4*l - 3*m = -p + 133, 296 = 3*l - 5*m. Is l a prime number?
True
Suppose 2*i + 3*v - 14 = 6, -3*v = -i + 1. Is (i/(-7))/(-2*(-1)/(-170)) composite?
True
Suppose 515 - 1745 = -5*l + 5*u, 2*l + u = 495. Let b = l - 78. Is b composite?
True
Let l(g) = -9*g**3 + 6*g**2 - 19*g + 4. Let k be l(8). Let p = -2969 - k. Is p a composite number?
True
Let k(z) = z**3 - 7*z**2 - z + 5. Let c be k(7). Is c/4 + 13375/10 prime?
False
Suppose -5*i + 0*i = -1625. Let r = -11 - -17. Suppose i = 5*h - 5*j, -5*j + 345 = -h + r*h. Is h composite?
False
Let m be (-4)/3*4*(-1 + 4). Let q(u) = -u**3 - 16*u**2 + 10. Is q(m) prime?
False
Is (-14)/(-77) + (-1)/((-22)/133734) a prime number?
True